Let o = -8 + 5. Calculate the remainder when 36 is divided by x(o).
10
Let t = 21 - -39. Suppose 3*v = -3*k - k + 109, 3*k - t = 5*v. Calculate the remainder when 99 is divided by k.
24
Let h(p) be the first derivative of 3*p**2/2 - p - 3. Let w(g) = 4*g**3 - 2*g**2 - 3*g + 3. What is the remainder when w(2) is divided by h(4)?
10
Suppose -2*s = 2*v + 3*s - 83, -v = 5*s - 49. Suppose 2*m = 5*h + 51, -h + 9 + 24 = 2*m. What is the remainder when v is divided by m?
16
Suppose o - 3 = 0, -5*j + 3 + 0 = -4*o. Suppose -j*g - 4*f - 98 = -261, f + 230 = 4*g. Calculate the remainder when g is divided by 12.
9
Let s be (-30)/9*(-24)/(-20). Suppose -z - 2*h + 23 = 2*z, 4*z + 4*h - 32 = 0. What is the remainder when z is divided by 2/(3/(-30)*s)?
2
Let q(p) = 2*p**2 - 10*p - 2. Suppose -2*g = -0*g - 154. What is the remainder when g is divided by q(7)?
25
Suppose 0 = -0*x - 3*x + 87. Suppose -4*f + x = j, 4*j = -f + 32 + 9. What is the remainder when j is divided by 5?
4
Let m be 22/8 - (-3)/(-4). Let s(u) = 6*u**2 + u + 2. Calculate the remainder when s(m) is divided by 10.
8
Let d = 100 - 55. What is the remainder when d is divided by 23?
22
Suppose 4*o + 8 = -4*s, -3*s + 4*s + 17 = 4*o. Calculate the remainder when -26*(o + 27/(-6)) is divided by 14.
11
Suppose 270 = 6*h - 4*h. Calculate the remainder when h is divided by 17.
16
Let f(y) = -y**2 + 10*y - 3. What is the remainder when 38 is divided by f(6)?
17
Suppose -u + 3*n + 24 = 0, 2*u - 2*n - 68 = -3*u. Calculate the remainder when 21 is divided by u.
9
What is the remainder when (-6)/10 + (-7504)/(-40) is divided by 19?
16
Suppose -20*k = -202 - 18. Calculate the remainder when 16 is divided by k.
5
Let k(l) = l**3 - 5*l**2 - 3*l - 7. Let a be k(6). Suppose a = 3*i - 40. Let s = -51 - -101. What is the remainder when s is divided by i?
16
Let j(h) = -h**2 - h. Let c be j(0). Let y = c + 1. Suppose 0 = -5*v - 3*k + 14, 3*v = 7*v - k - 1. Calculate the remainder when v is divided by y.
0
Suppose -8*h = -13*h + 15. What is the remainder when h is divided by 1?
0
Let t(i) = 13*i + 5. Let b be t(7). Suppose g + g = b. What is the remainder when g is divided by 17?
14
Let c(n) = 39*n + 7. Calculate the remainder when c(1) is divided by 8.
6
Let m = 56 - 33. Let g(p) = -4*p - 4. Calculate the remainder when m is divided by g(-3).
7
Suppose v - 5*p - 230 = -4*v, -4*p = -5*v + 225. Let j = v + -28. Let a = -7 - -58. Calculate the remainder when a is divided by j.
12
Let a(r) = -r**2 + 5*r. Let k be a(3). Suppose -15 = -k*n + n. Suppose -19 = -l - 3*i, -5*i + 3 - 46 = -n*l. Calculate the remainder when 30 is divided by l.
14
Suppose -5*c = -3*o + o + 172, c - 79 = -o. What is the remainder when o is divided by 12?
9
Suppose 4*v - 32 - 93 = d, 4*d = 2*v - 80. What is the remainder when 86 is divided by v?
26
Let a = -297 + 474. What is the remainder when a is divided by 20?
17
Suppose 3*r - 22 = -2*r + d, 0 = 3*r + 3*d - 6. Suppose r*s = 2*s + 52. What is the remainder when s is divided by 7?
5
Calculate the remainder when ((-207)/(-18))/((-1)/(-2)) is divided by 9.
5
Suppose w - 11*w + 800 = 0. What is the remainder when w is divided by 41?
39
Let j(s) = s**3 - 3*s**2 - 5*s + 1. Let t be j(4). What is the remainder when (11*t - -1)/(-1) is divided by 17?
15
Let g = 208 + -148. Calculate the remainder when g is divided by 16.
12
Suppose -3*k + 12 = -0. Suppose -2*i = -5*a + 24 + 60, -k*a + i + 66 = 0. What is the remainder when 47 is divided by a?
15
Suppose -3*b = -4*r + 3*r - 322, 2*r - 416 = -4*b. Calculate the remainder when b is divided by 19.
11
Let b(y) = -y + 57. Calculate the remainder when b(0) is divided by 12.
9
Let a be 3/(-1) + 7*5. Suppose -4*s - 34 = -3*d - 6, -2*d - 4*s = -a. Calculate the remainder when (-494)/(-14) + 4/(-14) is divided by d.
11
Calculate the remainder when 75 is divided by 9*(-1)/((-6)/4).
3
Let d(h) = 3*h**2 - 13*h + 23. What is the remainder when d(7) is divided by 27?
25
Let f = 50 - 0. What is the remainder when f is divided by 26?
24
Suppose -x = -0*x + 9. Let q = 31 + x. What is the remainder when q is divided by 8?
6
What is the remainder when ((-4)/3)/((-1)/72) is divided by 33?
30
Let k(i) = 2*i - 2*i - 4*i + 3*i + 3. Calculate the remainder when k(-5) is divided by (-94)/(-18) + 6/(-27).
3
Suppose -i - 30 = -3*u, 0 = -2*u - 4*i + 54 - 20. What is the remainder when 65 is divided by u?
10
Let b = 101 + -25. Calculate the remainder when b is divided by 40.
36
Calculate the remainder when 24 is divided by (-19 - -27) + (-1)/(-1).
6
Suppose 0 = -4*y + 32. Let w be 8*1*(-2)/1. What is the remainder when (w/6 - -2)*-33 is divided by y?
6
Let b = 19 - 13. What is the remainder when 27 is divided by b?
3
Suppose 4*i - 18 = 46. What is the remainder when 31 is divided by i?
15
Let u = -5 - 0. Let x(t) = -t**2 - 7*t - 4. What is the remainder when 8 is divided by x(u)?
2
Let q = -103 + 117. What is the remainder when 51 is divided by q?
9
Suppose 0 = 6*n - 2*n - 20. Suppose -3*p - n*h = -p - 40, 0 = p - 4*h - 20. Calculate the remainder when 39 is divided by p.
19
Let q(k) = 6*k**3 + 2*k**2 - 4*k + 7. Let t(f) = 7*f**3 + f**2 - 3*f + 7. Let w(r) = 6*q(r) - 5*t(r). Calculate the remainder when w(-7) is divided by 18.
16
Let f(t) = -t**2 - 14*t + 6. What is the remainder when f(-11) is divided by 6?
3
Let y(x) = x**3 - 15*x**2 - 15*x - 9. Let n = -35 + 9. Let m = -6 - n. Calculate the remainder when m is divided by y(16).
6
Suppose 0 = 3*c + 2*c + 15. Let n(g) = -2*g + 3. Calculate the remainder when 25 is divided by n(c).
7
Suppose -l + 3*p + 32 = 0, -3*p - 112 = -0*l - 5*l. What is the remainder when 78 is divided by l?
18
Let i(v) = v**2 - 17*v + 13. Calculate the remainder when i(21) is divided by 20.
17
Suppose 17 = b + 2*z, 3*z - 9 = -0*z. Let v be (-8)/(-6)*(-9)/6. What is the remainder when b is divided by 1 + v*(-9)/6?
3
Suppose -a + 166 = -24. Suppose 3*u = 8*u - a. Calculate the remainder when u is divided by 10.
8
Let x = 20 - 1. Calculate the remainder when 113 is divided by x.
18
Suppose j - 1 + 0 = 0. Calculate the remainder when 31 is divided by (j + (2 - 2))*11.
9
Suppose 3*x + 2*x - 5*p - 40 = 0, -x + 5*p = -28. Suppose 0 = -x*v + v. Suppose v = -2*n - 0 + 24. What is the remainder when 23 is divided by n?
11
Let b(d) = -d - 1. Let l be b(-7). Suppose z = 4*z + l. What is the remainder when 21 is divided by (z - 0) + 5 + 8?
10
Let s = 15 - 3. What is the remainder when (-56)/(-6) + (-4)/s is divided by 4?
1
Let b = 70 - 31. Calculate the remainder when b is divided by 14.
11
Let o(q) = -q + 1. Let s(n) = 43*n - 5. Let x(k) = -4*o(k) - s(k). Let h be x(-1). Suppose h = -0*d + 4*d. Calculate the remainder when d is divided by 4.
2
Let b(h) = -2*h**2 - 4*h + 6. Let q be b(-5). Let k = -78 - -23. Let o = q - k. What is the remainder when o is divided by 11?
9
Let k be 16/(-6)*12/(-16). Suppose k*x - 84 = 64. Calculate the remainder when x is divided by 15.
14
Suppose -4*f + 3*f - 4*p - 9 = 0, 0 = 5*f + p - 31. Suppose -f*j + 5*j + 34 = 0. Calculate the remainder when j is divided by 6.
5
Let v(f) = -f**3 - 3*f**2 + 2*f - 4. Let d be v(-4). Let m(r) = r**3 - 4*r**2 + 6*r - 5. Calculate the remainder when m(d) is divided by 5.
4
Suppose 2*q + 17 = -3*z, -4*q + 5*z - 1 = -0*q. Suppose 31 = l - 23. What is the remainder when l is divided by -28*(18/(-4) - q)?
12
Let f(b) = b**3 - 5*b**2 + 5*b + 1. Calculate the remainder when 97 is divided by f(4).
2
Calculate the remainder when ((-89)/(-4))/((-2)/(-8)) is divided by 23.
20
Let s(q) = q**3 + 3*q**2 + 3*q + 1. Let z be s(-3). Let h be 2/(-8) - 26/z. Calculate the remainder when 41/h - 4/6 is divided by 7.
6
Calculate the remainder when 13 is divided by 2/8 - (-155)/20.
5
Let j be ((-4)/(-1))/2*2. Suppose -k = 3*k - 12, j*q - 5*k + 7 = 0. Suppose 4*b - 6 = q. What is the remainder when 3 is divided by b?
1
Let h = 25 + -8. Suppose -2*s - 3*c = -9, 2*s - 6 = c + 15. Calculate the remainder when h is divided by s.
8
Let h be (-20)/15*9/(-2). Let s be (-2)/h + 39/9. Suppose 0 = -2*x + s, 5*q + x - 44 = -x. Calculate the remainder when q is divided by 3.
2
Let y(n) = n**3 - 6*n**2 - n + 7. What is the remainder when 3 is divided by y(6)?
0
Suppose -301 = 18*g - 841. What is the remainder when g is divided by 16?
1